{"id":170,"date":"2019-05-23T10:11:41","date_gmt":"2019-05-23T08:11:41","guid":{"rendered":"http:\/\/pickup-on-tour.de\/?page_id=170"},"modified":"2020-02-20T14:35:19","modified_gmt":"2020-02-20T13:35:19","slug":"nanuk","status":"publish","type":"page","link":"https:\/\/pickup-on-tour.de\/?page_id=170","title":{"rendered":"Nanuk"},"content":{"rendered":"<div class=\"flex_column av_one_full  flex_column_div av-zero-column-padding first  avia-builder-el-0  el_before_av_one_full  avia-builder-el-first  \" style='border-radius:0px; '><div  style='height:550px' class='hr hr-invisible   avia-builder-el-1  avia-builder-el-no-sibling '><span class='hr-inner ' ><span class='hr-inner-style'><\/span><\/span><\/div><\/div><div class=\"flex_column av_one_full  flex_column_div av-zero-column-padding first  avia-builder-el-2  el_after_av_one_full  el_before_av_one_full  column-top-margin\" style='border-radius:0px; '><section class=\"av_textblock_section \"  itemscope=\"itemscope\" itemtype=\"https:\/\/schema.org\/CreativeWork\" ><div class='avia_textblock  av_inherit_color  av-medium-font-size-overwrite av-medium-font-size-20 av-small-font-size-overwrite av-small-font-size-20 av-mini-font-size-overwrite av-mini-font-size-20'  style='font-size:20px; color:#000000; '  itemprop=\"text\" ><h3>Nanuk<\/h3>\n<p><span style=\"color: #000000;\">Im Dezember 2017 planten mein Bruder und ich im folgenden Sommer Urlaub in Norwegen zu machen. Da ich in meinem Pickup auf der R\u00fcckbank schlafen wollte, stellte sich die Frage nach einer weiteren Schlafm\u00f6glichkeit. Zelt, Dachzelt, Absetzkabine oder Wohnwagen?<\/span><\/p>\n<p><span style=\"color: #000000;\">Zelt oder Dachzelt verwarfen wir aus verschiedenen Gr\u00fcnden. Da die Ladefl\u00e4che f\u00fcr mein E-Mobil Zoom genutzt wird, schied eine Absetzkabine auch aus. Wir (mein Bruder, mein Sohn und ich) beschlossen einen Kastenanh\u00e4nger zum Caravan umzubauen.<\/span><\/p>\n<p><span style=\"color: #000000;\">Im Januar 2018 kaufte ich einen einachsigen 1300 kg Trailer der Firma Blyss. Eine T\u00fcr und zwei Fenstern kaufte ich zus\u00e4tzlich. Die Innenma\u00dfe betragenL\u00e4nge 3050 mm, Breite 1500 mm, H\u00f6he 1800 mm.<\/span><\/p>\n<p><span style=\"color: #000000;\">Zuerst montierten wir die T\u00fcr und die 2 Fenster mit M\u00fcckengitter und Verdunkelung. Auf den Boden legten wir PVC in Alu-Riffelblech-Optik. Drei L\u00fcftungs\u00f6ffnungen in der T\u00fcr und dem Anh\u00e4nger sorgten f\u00fcr Frischluft.<\/span><\/p>\n<p><span style=\"color: #000000;\">Dann k\u00fcmmerten wir uns um die Gasversorgung.\u00a0<\/span><span style=\"color: #000000;\">Auf die Deichsel kam ein Gaskasten f\u00fcr zwei \u00a011 kg Gasflaschen, die wir an eine\u00a0TGO Multimatik Zweiflaschenumschaltanlage, 30 mbar mit Pr\u00fcfventil anschlossen.<\/span><\/p>\n<p><span style=\"color: #000000;\">In den Aufbau schnitten wir drei \u00d6ffnungen f\u00fcr eine 240 V Au\u00dfen-Steckdose, eine CEE Eingangssteckdose und eine Gassteckdose f\u00fcr den Au\u00dfengrill.<\/span><\/p>\n<p><span style=\"color: #000000;\">Im n\u00e4chsten Schritt installierten wir eine Thruma S2200 Umluftheizung. Ein USB-L\u00fcfter dient zur Richtungssteuerung der Warmluft.<\/span><\/p>\n<p><span style=\"color: #000000;\">Da im Anh\u00e4nger auf beiden Seiten Fixierschienen montiert sind, benutzten wir diese zur Befestigung von Regalen \u00a0eines Regalux Rasch Regelsystems mit verchromten Leitern. Das Regal an der Vorderwand nahm eine Can Koch-Sp\u00fcl-Kombination, Wasser- und Abwasserkanister, eine 100 Ah Batterie, die Elektroverteilung und neun Stapelboxen in verschiedenen Gr\u00f6\u00dfen auf. Eine weiteres Regal direkt vor den Heckt\u00fcren quer eingebaut, erm\u00f6glichte die Befestigung eines Sprungrahmens ( 700mm x 1900 mm) f\u00fcr das Bett und nahm weitere f\u00fcnf Stapelboxen auf. Die zweite Sprungrahmenauflage wurde mit einem niedrigen Regal, auch quer montiert verwirklicht. Auch hier konnten noch zwei weitere Stapelboxen und zwei 5 l-Wasserkanister verstaut werden.\u00a0 Unter dem Bett war reichlich Platz zum Verstauen von sperrigen Dingen.<\/span><\/p>\n<p><span style=\"color: #000000;\">Das obere linke Fach des vorderen Regals nahm die Elektroverteilung auf. Die 240 V Eingangsspannung wurde \u00fcber einen\u00a0Eaton FI\/LS-Kombischalter PXK-B10 10 A abgesichert. Ein Schaudt-Elektroblock CSV 409\u00a0stellte mehrere abgesicherte 12 V Ausg\u00e4nge f\u00fcr LED-Licht, USB-Anschl\u00fcsse und 12 V Steckdosen zu Verf\u00fcgung. Die 12 V 100 Ah Gelbatterie wird sowohl von einem Ladeger\u00e4t des Elektroblocks als auch von zwei 100 W Offgridtec Solarmodulen \u00fcber ein Votronic MPP 250 Duo Digital Solarladeregler geladen. F\u00fcr die \u00a0Landstromversorgung sind mehrere Kabel mit blauen CEE-Steckern und Kupplungen in verschiedenen L\u00e4ngen vorhanden (Herzlichen Dank an Bruder Tom).<\/span><\/p>\n<p><span style=\"color: #000000;\">Die Raumbeleuchtung wurde mit zwei LED-Streifen in 2 m langen Aluprofilen mit Abdeckung auf beiden Seiten des Anh\u00e4ngers realisiert. Zus\u00e4tzlich erhellen zwei 34 cm lange LED-Leuchten die Koch\/Sp\u00fcl-Kombination und die Arbeitsfl\u00e4che rechts daneben.\u00a0<\/span><span style=\"color: #000000;\">Eine USB-LED-Tastaturbeleuchtung kann an verschiedenen Stellen genutzt werden.<\/span><\/p>\n<p><span style=\"color: #000000;\">Eine MGI Giant Doppeltrittstufe wird zum Einstieg vor die T\u00fcr gestellt.<\/span><\/p>\n<p><span style=\"color: #000000;\">Als Einbruchschutz ist eine Fiamma Einstiegshilfe Security 46 Pro montiert. Die Fenster sind mit zwei massiven Flacheisen in silbergrau gesichert<\/span><\/p>\n<p><span style=\"color: #000000;\">Zur Sicherheit ist noch ein Feuerl\u00f6scher, ein Fettbrandl\u00f6scher und eine L\u00f6schdecke, sowie ein Trigasalarm an Bord.<\/span><\/p>\n<p><span style=\"color: #000000;\">Neben St\u00fchlen und Tisch findet zum Schluss vor der rechten Heckt\u00fcr eine Dometic Cool Fun CK-40D Hybrid Thermoelektrik-\/Kompressor-K\u00fchlbox mit 40 l Inhalt Platz.<\/span><\/p>\n<p>Ein kleiner Heizl\u00fcfter mit 500 W und Umkippausschalter kann mit Landstrom bei Bedarf betrieben werden.<\/p>\n<p><span style=\"color: #000000;\">Nach Wiegen des voll einger\u00e4umten Trailers zeigt sich, dass noch eine Zuladung von 300 kg m\u00f6glich sind.<\/span><\/p>\n<p><span style=\"color: #000000;\">Es erfolge selbstverst\u00e4ndlich eine vorgeschriebene Gaspr\u00fcfung.<\/span><\/p>\n<p><span style=\"color: #000000;\">Um dem Anh\u00e4nger auch f\u00fcr Transporte zu nutzen, k\u00f6nnen die Bett-Regale nach L\u00f6sen von 2 Edelstahl-Schlauchschellen entnommen werden.<\/span><\/p>\n<p><span style=\"color: #000000;\">Da der Trailer haupts\u00e4chlich zum Schlafen \u00a0bei Road-Trips, und bei Besuchen von Veranstaltungen und nicht so sehr zum Wohnen genutzt wird, habe ich nicht so viel Wert aufs Ambiente gelegt.<\/span><\/p>\n<p><span style=\"color: #000000;\">Das Konzept ist f\u00fcr eine Person ausgelegt. Eine zweite Person kann aber bei Bedarf mit Isomatte und Schlafsack neben dem Bett auf dem Boden schlafen.<\/span><\/p>\n<p><span style=\"color: #000000;\">Auf zwei Norwegentouren im Juni und Oktober 2018 \u00fcber 12.000 km und Touren nach Hooksiel (570 km), Hemmoor (660 km) und zum Kn\u00fcllwald hat sich das Amarok-Nanuk-Gespann bestens bew\u00e4hrt, so dass \u00c4nderungen oder Modifikationen erstmal nicht geplant sind.<\/span><\/p>\n<p><span style=\"color: #000000;\">Warum nun Nanuk? Passend zum Amarok, soll kein m\u00e4nnlicher Vorname benutzt werden, sondern ein Inuit-Begriff. Nanuk ist der Name des Polarb\u00e4ren.<\/span><\/p>\n<\/div><\/section><\/div><div class=\"flex_column av_one_full  flex_column_div av-zero-column-padding first  avia-builder-el-4  el_after_av_one_full  avia-builder-el-last  column-top-margin\" style='border-radius:0px; '><p><div  class='avia-image-container  av-styling-    avia-builder-el-5  el_before_av_image  avia-builder-el-first  avia-align-center '  itemprop=\"image\" itemscope=\"itemscope\" itemtype=\"https:\/\/schema.org\/ImageObject\"  ><div class='avia-image-container-inner'><div class='avia-image-overlay-wrap'><img class='avia_image' src='https:\/\/pickup-on-tour.de\/wp-content\/uploads\/2019\/05\/IMG0254-Kopie.jpg' alt='' title='IMG0254 Kopie' height=\"1080\" width=\"1622\"  itemprop=\"thumbnailUrl\"  \/><\/div><\/div><\/div><br \/>\n<div  class='avia-image-container  av-styling-    avia-builder-el-6  el_after_av_image  el_before_av_image  avia-align-center '  itemprop=\"image\" itemscope=\"itemscope\" itemtype=\"https:\/\/schema.org\/ImageObject\"  ><div class='avia-image-container-inner'><div class='avia-image-overlay-wrap'><img class='avia_image' src='https:\/\/pickup-on-tour.de\/wp-content\/uploads\/2019\/05\/Nanuk3.jpg' alt='' title='Nanuk3' height=\"1080\" width=\"1622\"  itemprop=\"thumbnailUrl\"  \/><\/div><\/div><\/div><br \/>\n<div  class='avia-image-container  av-styling-    avia-builder-el-7  el_after_av_image  el_before_av_image  avia-align-center '  itemprop=\"image\" itemscope=\"itemscope\" itemtype=\"https:\/\/schema.org\/ImageObject\"  ><div class='avia-image-container-inner'><div class='avia-image-overlay-wrap'><img class='avia_image' src='https:\/\/pickup-on-tour.de\/wp-content\/uploads\/2019\/05\/Nanuk2.jpg' alt='' title='Nanuk2' height=\"1080\" width=\"1622\"  itemprop=\"thumbnailUrl\"  \/><\/div><\/div><\/div><br \/>\n<div  class='avia-image-container  av-styling-    avia-builder-el-8  el_after_av_image  el_before_av_image  avia-align-center '  itemprop=\"image\" itemscope=\"itemscope\" itemtype=\"https:\/\/schema.org\/ImageObject\"  ><div class='avia-image-container-inner'><div class='avia-image-overlay-wrap'><img class='avia_image' src='https:\/\/pickup-on-tour.de\/wp-content\/uploads\/2019\/05\/Nanuk4.jpg' alt='' title='Nanuk4' height=\"1080\" width=\"719\"  itemprop=\"thumbnailUrl\"  \/><\/div><\/div><\/div><br \/>\n<div  class='avia-image-container  av-styling-    avia-builder-el-9  el_after_av_image  el_before_av_image  avia-align-center '  itemprop=\"image\" itemscope=\"itemscope\" itemtype=\"https:\/\/schema.org\/ImageObject\"  ><div class='avia-image-container-inner'><div class='avia-image-overlay-wrap'><img class='avia_image' src='https:\/\/pickup-on-tour.de\/wp-content\/uploads\/2019\/05\/NANUK7.jpg' alt='' title='NANUK7' height=\"1080\" width=\"1622\"  itemprop=\"thumbnailUrl\"  \/><\/div><\/div><\/div><br \/>\n<div  class='avia-image-container  av-styling-    avia-builder-el-10  el_after_av_image  el_before_av_image  avia-align-center '  itemprop=\"image\" itemscope=\"itemscope\" itemtype=\"https:\/\/schema.org\/ImageObject\"  ><div class='avia-image-container-inner'><div class='avia-image-overlay-wrap'><img class='avia_image' src='https:\/\/pickup-on-tour.de\/wp-content\/uploads\/2019\/05\/Nanuk6.jpg' alt='' title='Nanuk6' height=\"1080\" width=\"1622\"  itemprop=\"thumbnailUrl\"  \/><\/div><\/div><\/div><br \/>\n<div  class='avia-image-container  av-styling-    avia-builder-el-11  el_after_av_image  avia-builder-el-last  avia-align-center '  itemprop=\"image\" itemscope=\"itemscope\" itemtype=\"https:\/\/schema.org\/ImageObject\"  ><div class='avia-image-container-inner'><div class='avia-image-overlay-wrap'><img class='avia_image' src='https:\/\/pickup-on-tour.de\/wp-content\/uploads\/2020\/02\/IMG_0005.jpg' alt='' title='IMG_0005' height=\"1067\" width=\"1600\"  itemprop=\"thumbnailUrl\"  \/><\/div><\/div><\/div><\/p><\/div><\/p>\n","protected":false},"excerpt":{"rendered":"","protected":false},"author":1,"featured_media":0,"parent":0,"menu_order":0,"comment_status":"closed","ping_status":"closed","template":"","meta":{"footnotes":""},"_links":{"self":[{"href":"https:\/\/pickup-on-tour.de\/index.php?rest_route=\/wp\/v2\/pages\/170"}],"collection":[{"href":"https:\/\/pickup-on-tour.de\/index.php?rest_route=\/wp\/v2\/pages"}],"about":[{"href":"https:\/\/pickup-on-tour.de\/index.php?rest_route=\/wp\/v2\/types\/page"}],"author":[{"embeddable":true,"href":"https:\/\/pickup-on-tour.de\/index.php?rest_route=\/wp\/v2\/users\/1"}],"replies":[{"embeddable":true,"href":"https:\/\/pickup-on-tour.de\/index.php?rest_route=%2Fwp%2Fv2%2Fcomments&post=170"}],"version-history":[{"count":62,"href":"https:\/\/pickup-on-tour.de\/index.php?rest_route=\/wp\/v2\/pages\/170\/revisions"}],"predecessor-version":[{"id":2892,"href":"https:\/\/pickup-on-tour.de\/index.php?rest_route=\/wp\/v2\/pages\/170\/revisions\/2892"}],"wp:attachment":[{"href":"https:\/\/pickup-on-tour.de\/index.php?rest_route=%2Fwp%2Fv2%2Fmedia&parent=170"}],"curies":[{"name":"wp","href":"https:\/\/api.w.org\/{rel}","templated":true}]}}